he highest common factor of j and 54?
54
Suppose -43*l = -44*l + 4. Suppose 4*i - 24 = l. Let v be (-2)/5 - 222/(-30). What is the highest common factor of v and i?
7
Let a = 6 + -11. Let q(r) = -r + 11. Let b be q(a). What is the highest common factor of 2 and b?
2
Let n(k) = k**2 + 27. Let p be n(-12). Let m be (3 + (-1 - 1))*-2. Let f be m/11 - p/(-33). Calculate the highest common divisor of 45 and f.
5
Suppose -3*o = -71 + 14. Suppose 3*r = l + 11, -l + o = 4*r - r. Suppose -l*y + 10 = -3*y. What is the highest common factor of y and 10?
10
Let t = 24 - 36. Suppose 0 = -5*u + 61 + 29. Let s be t/u + 34/6. Calculate the highest common divisor of 55 and s.
5
Let x be (1 + (-9)/6)*0/(-1). Suppose -2*o - k + 13 = x, -5*k - 2 = 3*o - 11. What is the greatest common factor of o and 40?
8
Suppose -r - 47 = -5*q, -2*r - 4*q - 89 = -23. Let f be (r + (-2 - 1))*-1. Let b be (-8)/f + (-752)/(-10). What is the highest common factor of b and 15?
15
Suppose 4*z + 3718 = 17*z. Calculate the highest common factor of z and 13.
13
Suppose -3*s = -183 - 12. Suppose z = 6*z - s. Calculate the highest common divisor of z and 65.
13
Let l = 320 - 315. Let y = 24 - 9. What is the highest common divisor of l and y?
5
Let m = 253 + -253. Suppose 3 = 4*c - 5. Suppose -u = c*d - m - 14, 0 = 3*d + 5*u - 28. Calculate the highest common divisor of 12 and d.
6
Let d be (-36)/((-6)/(-2)) - 1. Let l = 17 + d. Suppose 12 = f + l. Calculate the highest common factor of 72 and f.
8
Suppose 0 = -194*s + 199*s - 330. Suppose -825 = 5*c - 10*c. Calculate the highest common factor of s and c.
33
Let g = 3 + -1. Let d = 23 + -7. Suppose 0 = 2*r + u - 10, 0*u + u = -3*r + d. Calculate the highest common factor of r and g.
2
Let i(p) = 14*p - 1. Let v be i(27). Calculate the greatest common factor of 87 and v.
29
Let c(g) = g**3 - 7*g**2 + 4*g - 10. Suppose 0*z + 12 = -3*z. Let y = z - -11. Let j be c(y). Calculate the greatest common divisor of 12 and j.
6
Suppose 0 = g + 4*g + 745. Let w = g + 279. Let q be 3*84/20 - 4/(-10). What is the highest common divisor of w and q?
13
Let i be (-2)/3 - 75/9. Let v be i*4/(-6)*3. Let s be (-35)/20 + 1 + 22/8. What is the greatest common factor of s and v?
2
Let w(k) = 49*k**2 - 22*k + 35. Let s be w(2). Calculate the greatest common divisor of 33 and s.
11
Let x be 2/1 - 892/(-2). Suppose 4*h = 4*u + x, h = -0*u - 3*u + 104. Let z be (-1)/6 + (-671)/(-66). What is the highest common factor of h and z?
10
Let a(p) = -12*p + 13. Let t be a(-5). Suppose -5*m = -2*y - 72, 0*m + 5*m - t = 3*y. What is the greatest common factor of 42 and m?
14
Let j = 270 + -260. Calculate the highest common factor of 430 and j.
10
Let l(x) = 99*x + 130. Let a be l(2). What is the highest common divisor of 24 and a?
8
Suppose 5*x + 4*c - 240 = 0, -x + 2*c = 2*x - 144. Let d(s) = 8*s**2 - 78*s - 8. Let a be d(10). What is the greatest common factor of a and x?
12
Let b = -35 + 40. Suppose -3*s - 187 = -b*j + 578, 2*s = -5*j + 790. Calculate the greatest common divisor of 39 and j.
39
Suppose -2*j - f + 3*f + 62 = 0, 0 = j + 3*f - 23. What is the highest common factor of j and 116?
29
Suppose -54 = -3*h + 6*h. Let m be 12/h + (-332)/(-3). Suppose -5*c = -10*c + 55. Calculate the highest common divisor of m and c.
11
Let a be -72*(-2)/(-12)*(0 - 3). Calculate the greatest common divisor of 20 and a.
4
Suppose 3*g = y - 8 - 8, -g = 3*y - 8. Let s(a) = -a**3 - 2*a**2 + 2*a - 7. Let r be s(g). Calculate the highest common factor of 85 and r.
17
Let l(n) = n**2 - 9*n + 6. Let i be l(11). Let k be (-5*(-9)/30)/(3/i). What is the highest common factor of k and 2?
2
Suppose -a = 6*a - 56. Let i = -31 + 35. Calculate the highest common divisor of i and a.
4
Let b = -178 - -223. What is the highest common factor of b and 144?
9
Let o be -36*(-1 - (0 + 0)). Let c be ((-6)/(-4))/(7/(56/6)). Suppose c*k - 3*k - 2*a = -14, 4*a - 40 = -3*k. Calculate the highest common divisor of o and k.
12
Let x(t) = 44*t - 61. Let b be x(2). Suppose 285 = 5*m - 255. Calculate the highest common divisor of m and b.
27
Let b(x) = x + 2 - 3 + 18. Suppose 240 = -493*s + 477*s. Let y be b(s). Calculate the highest common divisor of y and 16.
2
Let n(b) = -17*b**3 + 3*b**2 + 2*b**2 + 18*b**3 + 3 + 0 + 2*b. Let x be n(-2). What is the greatest common factor of 11 and x?
11
Let q be (3 - (8 + -8))*7. Let m(v) = -4*v**2 - 3*v + 1 + 2 - v**3 - 1. Let h be m(-5). Calculate the highest common factor of h and q.
21
Let u(k) = 4*k**2 - 16*k - 44. Let p(b) = 5*b**2 - 16*b - 44. Let a(w) = -5*p(w) + 6*u(w). Let x be a(-10). Calculate the greatest common divisor of 72 and x.
8
Let g(w) = -2*w**2 + 30*w - 13. Let p be g(14). Let f(d) = d**2 - d + 3. Let i be f(-6). What is the greatest common factor of p and i?
15
Let i be 22 - ((-42)/(-28) + 1/(-2)). What is the highest common divisor of i and 168?
21
Suppose -9*q = 62*q - 90454. Calculate the highest common divisor of q and 98.
98
Let n = 734 - 711. Calculate the greatest common divisor of 1219 and n.
23
Suppose -k + 0*k - 38 = 0. Suppose 0 = 5*n - 2*t + 147, 3 = n - t + 33. Let q = n - k. What is the highest common factor of q and 18?
9
Suppose -3*i = -0*i. Suppose v = -i*v + 8. Suppose 0 = k + v - 38. What is the highest common divisor of 240 and k?
30
Suppose 78 = 3*t - 5*v, 5*t - 102 = 3*v - 4*v. Calculate the highest common divisor of 84 and t.
21
Suppose -2*t + 183 = -141. Suppose -t - 162 = -4*z. What is the greatest common divisor of 27 and z?
27
Let i be (-40)/(-6) - (-3)/9. Let m be 1 - (-11)/(-33)*-2*9. Calculate the highest common divisor of i and m.
7
Let c = 61 + -63. Let i be 200/4*(-5)/c. Suppose -a = -21 - 29. What is the highest common divisor of a and i?
25
Let a(k) = 3*k**2 + 2*k + 1. Suppose -g + 5*g = -12. Let h be a(g). Calculate the greatest common divisor of 198 and h.
22
Suppose 2*j + 3*k - 380 = 0, j = 9*k - 4*k + 164. What is the highest common factor of j and 8?
8
Suppose 0 = 19*h - 11*h - 152. What is the highest common divisor of 209 and h?
19
Let r(g) = 5 - g**3 - 4*g + 3*g + 2*g**2 + 2*g + 0*g**3. Let w be r(0). What is the greatest common divisor of 1 and w?
1
Let j = -1221 - -1482. Let k = -25 + 54. What is the highest common divisor of j and k?
29
Suppose -159*w + 71*w = -55704. What is the greatest common factor of 9 and w?
3
Suppose -22*t + 37*t - 1725 = 0. Calculate the greatest common factor of t and 20.
5
Suppose -5*y + 945 = 2*y. Let z = -96 + y. What is the highest common factor of 26 and z?
13
Let d(a) = 2*a**2 + 8*a + 6. Let o be d(-10). Let u = 84 - o. Let y = 105 + u. What is the greatest common factor of 7 and y?
7
Let x(o) = -o**2 + 55*o - 220. Let n be x(44). Calculate the greatest common divisor of n and 110.
22
Suppose -287*d = -291*d + 36. What is the greatest common factor of d and 261?
9
Let a(u) = u**2 - 37. Let z be a(11). What is the greatest common divisor of 28 and z?
28
Let s = -143 + 88. Let m = s - -160. Let j = -423 - -438. What is the highest common divisor of m and j?
15
Suppose 1151 = 3*p + 5*s, -4*p = -9*p - 3*s + 1897. Calculate the highest common factor of 13 and p.
13
Let l be (-1300)/7*1743/(-498). What is the highest common factor of 200 and l?
50
Suppose 3*g - 262 = -64. Let a be 18*-4*(-1)/12. What is the highest common divisor of a and g?
6
Suppose t + t = -5*z + 99, 3*t - 145 = -4*z. Let x = -40 + t. Calculate the highest common factor of 7 and x.
7
Let r = 69 - -247. Let n = r + -85. What is the greatest common factor of 21 and n?
21
Suppose 3*q + 96 = 5*c - 156, -4*q - 256 = -5*c. What is the highest common factor of c and 120?
24
Let s be -3*4/10*(-30)/18. Suppose -s*a = -5*a + 102. What is the highest common factor of 136 and a?
34
Let b = -17 - -20. Suppose 252 = 7*a - b*a. Let m = -26 - -68. What is the highest common divisor of m and a?
21
Suppose 92 = 3*z - 52. Suppose -143 = 3*u + 2*g, 0 = 4*u - 0*g - g + 176. Let o = u - -57. Calculate the greatest common factor of o and z.
12
Suppose -1060 = -14*a - 220. What is the highest common factor of a and 615?
15
Suppose -i + 41 + 41 = 0. Suppose i + 398 = 5*p. Calculate the highest common factor of p and 24.
24
Suppose 77*x = 80*x - 81. What is the greatest common factor of 27 and x?
27
Let t = 846 + -836. Calculate the gr